{"id":6,"date":"2020-11-23T20:17:47","date_gmt":"2020-11-23T20:17:47","guid":{"rendered":"http:\/\/www.lotnisko-karlino.pl\/?page_id=6"},"modified":"2021-08-18T20:38:48","modified_gmt":"2021-08-18T20:38:48","slug":"nowe-muzeum-sztuki-nowoczesnej-otwarlo-swoje-powoje","status":"publish","type":"page","link":"https:\/\/www.lotnisko-karlino.pl\/","title":{"rendered":"L\u0105dowisko Karlino &#8211; Lubiechowo zarejestrowane!"},"content":{"rendered":"\n<p>Mi\u0142o nam poinformowa\u0107, \u017ce w dniu 9.08.2021 l\u0105dowisko KARLINO zosta\u0142o wpisane do ewidencji l\u0105dowisk Urz\u0119du Lotnictwa Cywilnego pod numerem 515.<\/p>\n\n\n\n<p><\/p>\n\n\n\n<p>Nie jest \u0142atwo jednak pracujemy pe\u0142n\u0105 par\u0105. Pierwsze samoloty wykona\u0142y ju\u017c pr\u00f3bne l\u0105dowania na nowym L\u0105dowisku w Karlinie &#8211; w gminie kt\u00f3ra chce si\u0119\u00a0rozwija\u0107, kt\u00f3ra jest dobrze zarz\u0105dzana i ma szanse sta\u0107 si\u0119 znanym na skal\u0119 europejsk\u0105 miejscem w wojew\u00f3dztwie Zachodniopomorskim. Jeszcze du\u017co pracy przed nami jednak nie poddajemy si\u0119. <\/p>\n\n\n\n<p><\/p>\n\n\n\n<p><\/p>\n\n\n\n<!-- stat.4u.pl NiE KaSoWaC -->\n<a target=\"_top\" href=\"http:\/\/stat.4u.pl\/?lotniskokarlino\" title=\"statystyki\" rel=\"noopener noreferrer\"><img decoding=\"async\" src=\"http:\/\/adstat.4u.pl\/s4u.gif\" border=\"0\"><\/a>\n<script language=\"javascript\" type=\"text\/javascript\">\n<!--\nfunction s4upl() { return \"&amp;r=er\";}\n\/\/-->\n<\/script>\n<script language=\"JavaScript\" type=\"text\/javascript\" src=\"http:\/\/adstat.4u.pl\/s.js?lotniskokarlino\"><\/script>\n<script language=\"JavaScript\" type=\"text\/javascript\">\n<!--\ns4uext=s4upl();\ndocument.write('<img decoding=\"async\" src=\"http:\/\/stat.4u.pl\/cgi-bin\/s.cgi?i=lotniskokarlino'+s4uext+'\" width=1 height=1>')\n\/\/-->\n<\/script>\n<noscript><img loading=\"lazy\" decoding=\"async\" src=\"http:\/\/stat.4u.pl\/cgi-bin\/s.cgi?i=lotniskokarlino&amp;r=ns\" width=\"1\" height=\"1\"><\/noscript>\n<!-- stat.4u.pl KoNiEc -->\n","protected":false},"excerpt":{"rendered":"<p>Mi\u0142o nam poinformowa\u0107, \u017ce w dniu 9.08.2021 l\u0105dowisko KARLINO zosta\u0142o wpisane do ewidencji l\u0105dowisk Urz\u0119du Lotnictwa Cywilnego pod numerem 515.<\/p>\n","protected":false},"author":1,"featured_media":29,"parent":0,"menu_order":0,"comment_status":"closed","ping_status":"closed","template":"","meta":{"footnotes":""},"class_list":["post-6","page","type-page","status-publish","has-post-thumbnail","hentry","comments-off"],"_links":{"self":[{"href":"https:\/\/www.lotnisko-karlino.pl\/index.php\/wp-json\/wp\/v2\/pages\/6"}],"collection":[{"href":"https:\/\/www.lotnisko-karlino.pl\/index.php\/wp-json\/wp\/v2\/pages"}],"about":[{"href":"https:\/\/www.lotnisko-karlino.pl\/index.php\/wp-json\/wp\/v2\/types\/page"}],"author":[{"embeddable":true,"href":"https:\/\/www.lotnisko-karlino.pl\/index.php\/wp-json\/wp\/v2\/users\/1"}],"replies":[{"embeddable":true,"href":"https:\/\/www.lotnisko-karlino.pl\/index.php\/wp-json\/wp\/v2\/comments?post=6"}],"version-history":[{"count":6,"href":"https:\/\/www.lotnisko-karlino.pl\/index.php\/wp-json\/wp\/v2\/pages\/6\/revisions"}],"predecessor-version":[{"id":44,"href":"https:\/\/www.lotnisko-karlino.pl\/index.php\/wp-json\/wp\/v2\/pages\/6\/revisions\/44"}],"wp:featuredmedia":[{"embeddable":true,"href":"https:\/\/www.lotnisko-karlino.pl\/index.php\/wp-json\/wp\/v2\/media\/29"}],"wp:attachment":[{"href":"https:\/\/www.lotnisko-karlino.pl\/index.php\/wp-json\/wp\/v2\/media?parent=6"}],"curies":[{"name":"wp","href":"https:\/\/api.w.org\/{rel}","templated":true}]}}